ommon factor of 8412 and 438?
6
Calculate the greatest common factor of 573326 and 234.
26
What is the greatest common factor of 49585 and 423?
47
Calculate the greatest common factor of 11640 and 26384.
776
Calculate the greatest common factor of 2867801 and 3082.
1541
What is the highest common divisor of 515 and 28943?
103
What is the highest common divisor of 2943 and 177?
3
What is the greatest common divisor of 8 and 178688?
8
What is the highest common factor of 574 and 14714?
14
What is the highest common divisor of 451 and 12111?
11
What is the highest common divisor of 363 and 9636?
33
Calculate the greatest common factor of 14152 and 29.
29
Calculate the highest common factor of 8000 and 1800.
200
What is the highest common divisor of 80846 and 8?
2
What is the greatest common factor of 1012 and 15512948?
1012
What is the greatest common factor of 133 and 721?
7
What is the highest common divisor of 164929 and 262?
131
What is the greatest common factor of 24 and 224484?
12
What is the greatest common factor of 385 and 7805?
35
What is the greatest common factor of 443787 and 174?
87
What is the highest common factor of 1365 and 5808621?
273
Calculate the greatest common divisor of 4056 and 48.
24
What is the greatest common divisor of 51264 and 1296?
144
Calculate the greatest common divisor of 13898785 and 2185.
2185
What is the highest common divisor of 116 and 11687?
29
Calculate the highest common factor of 3905 and 117931.
781
What is the greatest common divisor of 19525 and 138237?
781
Calculate the greatest common factor of 1942 and 54.
2
Calculate the greatest common factor of 842 and 12512120.
842
What is the greatest common divisor of 2948 and 1340?
268
Calculate the highest common factor of 5252412 and 132.
132
Calculate the greatest common factor of 114723 and 21.
21
What is the greatest common factor of 705 and 505955?
235
Calculate the greatest common factor of 155232 and 2233.
77
Calculate the highest common divisor of 1480 and 14590.
10
Calculate the greatest common factor of 164470 and 10.
10
Calculate the highest common divisor of 2940 and 5292.
588
What is the greatest common divisor of 2873604 and 516?
516
What is the greatest common divisor of 1634585 and 290?
145
What is the greatest common factor of 11 and 17523?
11
Calculate the highest common divisor of 975 and 8385.
195
Calculate the greatest common divisor of 81868 and 679.
97
Calculate the highest common factor of 102 and 90015.
51
What is the greatest common factor of 14 and 232834?
14
What is the highest common factor of 133 and 125951?
133
What is the highest common factor of 7 and 28406?
7
Calculate the greatest common factor of 640051 and 1631.
233
Calculate the greatest common divisor of 968 and 246356.
484
Calculate the greatest common divisor of 8386 and 46144.
14
Calculate the greatest common divisor of 77 and 745283.
77
Calculate the greatest common factor of 3360 and 1230.
30
What is the highest common divisor of 23002 and 279?
31
What is the greatest common factor of 18 and 115812?
18
What is the highest common divisor of 983312 and 604?
604
What is the greatest common factor of 261 and 20039?
29
What is the highest common factor of 1703 and 352783?
131
What is the highest common factor of 9480 and 1760?
40
Calculate the highest common divisor of 15898 and 2.
2
Calculate the greatest common factor of 392 and 172088.
392
What is the greatest common factor of 12629311 and 433?
433
Calculate the greatest common factor of 54740 and 68.
68
What is the highest common divisor of 88 and 1143956?
44
What is the highest common divisor of 379 and 2328197?
379
What is the highest common divisor of 99 and 6116?
11
What is the highest common factor of 18992 and 152?
8
What is the greatest common factor of 348326 and 44?
22
What is the greatest common divisor of 17596 and 62964?
212
What is the highest common factor of 49506 and 22969?
223
Calculate the highest common factor of 380295 and 450.
45
Calculate the highest common divisor of 84 and 63021.
21
What is the greatest common factor of 10947 and 10146?
267
Calculate the highest common divisor of 153033 and 1653.
87
Calculate the greatest common factor of 1152 and 766656.
576
Calculate the highest common divisor of 68 and 16108.
4
What is the highest common divisor of 1679 and 584?
73
What is the greatest common divisor of 15796 and 1199060?
1436
What is the highest common divisor of 3484927 and 22041?
2449
Calculate the highest common divisor of 394 and 194045.
197
Calculate the greatest common factor of 8088 and 168.
24
Calculate the greatest common factor of 435288 and 48.
24
Calculate the highest common factor of 96327 and 973.
973
Calculate the highest common factor of 70566 and 190.
38
Calculate the highest common divisor of 14133 and 189.
21
Calculate the greatest common factor of 100352 and 84.
28
Calculate the greatest common factor of 83310 and 66.
6
Calculate the greatest common divisor of 74823 and 11707.
509
What is the highest common factor of 221 and 275756?
13
What is the greatest common factor of 1808 and 2648?
8
Calculate the greatest common factor of 321176 and 3344.
152
Calculate the highest common divisor of 24531 and 459.
51
Calculate the greatest common divisor of 14742 and 266994.
1638
Calculate the greatest common divisor of 959 and 37949.
137
Calculate the highest common factor of 241239 and 1067.
97
What is the greatest common factor of 52 and 212186?
26
What is the greatest common divisor of 34 and 31960?
34
Calculate the highest common factor of 1751 and 12875.
103
Calculate the greatest common factor of 8519 and 854.
7
Calculate the greatest common factor of 690 and 64377.
69
What is the greatest common divisor of 72940 and 80?
20
Calculate the highest common factor of 143 and 234.
13
Calculate the highest common divisor of 8256 and 9.
3
What is the greatest common factor of 13603 and 183?
61
Calculate the highest common factor of 18 and 585.
9
Calculate the greatest common divisor of 214 and 738.
2
Calculate the highest common divisor of 9211294 and 134.
134
What is the highest common divisor of 9899 and 152?
19
Calculate the highest common divisor of 22506 and 5082.
726
What is the greatest common factor of 32200 and 420?
140
What is the greatest common factor of 2 and 25016?
2
What is the greatest common factor of 16613 and 2960?
37
What is the greatest common divisor of 7132 and 92?
4
Calculate the greatest common divisor of 162 and 1315359.
81
What is the highest common factor of 132 and 11664?
12
What is the greatest common factor of 1134 and 2061?
9
Calculate the greatest common divisor of 37 and 155437.
37
Calculate the highest common divisor of 201231 and 3.
3
Calculate the greatest common divisor of 49907 and 91.
13
What is the highest common factor of 46 and 496294?
46
Calculate the greatest common factor of 41 and 25666.
41
Calculate the greatest common factor of 552 and 12098.
46
What is the greatest common factor of 432 and 1882008?
216
Calculate the highest common divisor of 257980 and 40.
20
Calculate the highest common factor of 9416 and 4.
4
Calculate the greatest common divisor of 549 and 3249.
9
What is the greatest common divisor of 120789 and 162?
9
Calculate the greatest common divisor of 540 and 14340.
60
What is the highest common divisor of 196700 and 18900?
700
Calculate the highest common factor of 112793 and 5066.
149
Calculate the highest common divisor of 1883 and 5320.
7
What is the highest common divisor of 8 and 91588?
4
Calculate the greatest common divisor of 80 and 110420.
20
What is the greatest common factor of 360 and 340515?
45
Calculate the highest common divisor of 3388 and 22.
22
Calculate the highest common factor of 905388 and 2640.
132
Calculate the greatest common divisor of 50120 and 4475.
895
Calculate the highest common factor of 538698 and 96.
6
Calculate the highest common divisor of 96894 and 126.
126
What is the greatest common divisor of 749 and 1099?
7
Calculate the greatest common divisor of 201 and 31557.
201
What is the highest common factor of 904800 and 4600?
200
What is the highest common factor of 1185 and 240?
15
Calculate the highest common factor of 30828 and 4620.
84
Calculate the greatest common factor